inder when 15 is divided by 15?
0
Calculate the remainder when 212 is divided by 102.
8
What is the remainder when 301 is divided by 38?
35
What is the remainder when 922 is divided by 227?
14
Calculate the remainder when 3252 is divided by 176.
84
Calculate the remainder when 24945 is divided by 4.
1
What is the remainder when 7228 is divided by 7?
4
What is the remainder when 544 is divided by 62?
48
What is the remainder when 124 is divided by 42?
40
Calculate the remainder when 5 is divided by 3.
2
Calculate the remainder when 155 is divided by 17.
2
What is the remainder when 517 is divided by 74?
73
Calculate the remainder when 1397 is divided by 70.
67
Calculate the remainder when 653 is divided by 33.
26
What is the remainder when 198 is divided by 186?
12
Calculate the remainder when 127 is divided by 35.
22
Calculate the remainder when 862 is divided by 164.
42
Calculate the remainder when 718 is divided by 20.
18
Calculate the remainder when 2676 is divided by 890.
6
What is the remainder when 641 is divided by 99?
47
Calculate the remainder when 547 is divided by 179.
10
What is the remainder when 335 is divided by 13?
10
What is the remainder when 14 is divided by 13?
1
What is the remainder when 7075 is divided by 3537?
1
What is the remainder when 5206 is divided by 193?
188
Calculate the remainder when 991 is divided by 124.
123
Calculate the remainder when 71 is divided by 19.
14
What is the remainder when 123 is divided by 32?
27
What is the remainder when 1678 is divided by 405?
58
What is the remainder when 108 is divided by 16?
12
What is the remainder when 306 is divided by 144?
18
What is the remainder when 89 is divided by 19?
13
What is the remainder when 240 is divided by 67?
39
What is the remainder when 389 is divided by 15?
14
What is the remainder when 2604 is divided by 18?
12
Calculate the remainder when 2253 is divided by 38.
11
What is the remainder when 15121 is divided by 125?
121
What is the remainder when 81 is divided by 41?
40
Calculate the remainder when 507 is divided by 117.
39
What is the remainder when 405 is divided by 191?
23
Calculate the remainder when 6266 is divided by 6255.
11
What is the remainder when 606 is divided by 223?
160
What is the remainder when 26083 is divided by 47?
45
Calculate the remainder when 884 is divided by 238.
170
What is the remainder when 215 is divided by 2?
1
Calculate the remainder when 681 is divided by 79.
49
Calculate the remainder when 52 is divided by 19.
14
Calculate the remainder when 234 is divided by 120.
114
Calculate the remainder when 25 is divided by 20.
5
What is the remainder when 10 is divided by 4?
2
Calculate the remainder when 85 is divided by 31.
23
What is the remainder when 399 is divided by 20?
19
What is the remainder when 1175 is divided by 44?
31
Calculate the remainder when 196 is divided by 50.
46
Calculate the remainder when 7770 is divided by 29.
27
What is the remainder when 695 is divided by 28?
23
Calculate the remainder when 280 is divided by 89.
13
Calculate the remainder when 771 is divided by 24.
3
Calculate the remainder when 5120 is divided by 41.
36
What is the remainder when 35 is divided by 10?
5
Calculate the remainder when 265 is divided by 30.
25
Calculate the remainder when 390 is divided by 147.
96
Calculate the remainder when 349 is divided by 44.
41
Calculate the remainder when 2930 is divided by 976.
2
What is the remainder when 884 is divided by 292?
8
What is the remainder when 393 is divided by 22?
19
Calculate the remainder when 75 is divided by 38.
37
Calculate the remainder when 296 is divided by 9.
8
What is the remainder when 1017 is divided by 33?
27
Calculate the remainder when 2088 is divided by 2079.
9
Calculate the remainder when 398 is divided by 80.
78
Calculate the remainder when 212 is divided by 61.
29
Calculate the remainder when 519 is divided by 18.
15
Calculate the remainder when 170 is divided by 81.
8
What is the remainder when 217 is divided by 70?
7
Calculate the remainder when 134 is divided by 32.
6
Calculate the remainder when 36746 is divided by 175.
171
What is the remainder when 71 is divided by 36?
35
What is the remainder when 369 is divided by 94?
87
Calculate the remainder when 126 is divided by 39.
9
Calculate the remainder when 363 is divided by 73.
71
What is the remainder when 167 is divided by 6?
5
What is the remainder when 311 is divided by 12?
11
Calculate the remainder when 998 is divided by 206.
174
Calculate the remainder when 53 is divided by 23.
7
Calculate the remainder when 6578 is divided by 140.
138
Calculate the remainder when 200 is divided by 195.
5
What is the remainder when 262 is divided by 50?
12
Calculate the remainder when 2283 is divided by 24.
3
Calculate the remainder when 198 is divided by 75.
48
Calculate the remainder when 572 is divided by 12.
8
What is the remainder when 425 is divided by 399?
26
What is the remainder when 803 is divided by 353?
97
What is the remainder when 3104 is divided by 1544?
16
What is the remainder when 1043 is divided by 87?
86
What is the remainder when 612 is divided by 201?
9
Calculate the remainder when 725 is divided by 302.
121
Calculate the remainder when 7845 is divided by 2611.
12
Calculate the remainder when 690 is divided by 178.
156
What is the remainder when 1114 is divided by 23?
10
What is the remainder when 287 is divided by 11?
1
What is the remainder when 582 is divided by 47?
18
Calculate the remainder when 1899 is divided by 611.
66
Calculate the remainder when 1582 is divided by 124.
94
Calculate the remainder when 107 is divided by 12.
11
Calculate the remainder when 160 is divided by 21.
13
Calculate the remainder when 338 is divided by 27.
14
Calculate the remainder when 4269 is divided by 15.
9
What is the remainder when 204 is divided by 72?
60
Calculate the remainder when 74 is divided by 70.
4
Calculate the remainder when 1454 is divided by 32.
14
What is the remainder when 301 is divided by 102?
97
Calculate the remainder when 1208 is divided by 5.
3
What is the remainder when 47 is divided by 28?
19
Calculate the remainder when 613 is divided by 79.
60
Calculate the remainder when 12051 is divided by 17.
15
Calculate the remainder when 4649 is divided by 1160.
9
Calculate the remainder when 186 is divided by 21.
18
What is the remainder when 72 is divided by 32?
8
What is the remainder when 170 is divided by 17?
0
Calculate the remainder when 163908 is divided by 11.
8
What is the remainder when 271 is divided by 89?
4
What is the remainder when 292 is divided by 5?
2
Calculate the remainder when 8083 is divided by 188.
187
What is the remainder when 206 is divided by 42?
38
Calculate the remainder when 5470 is divided by 114.
112
What is the remainder when 1153 is divided by 381?
10
What is the remainder when 166 is divided by 29?
21
Calculate the remainder when 9897 is divided by 75.
72
Calculate the remainder when 461 is divided by 25.
11
Calculate the remainder when 846 is divided by 210.
6
What is the remainder when 952 is divided by 80?
72
What is the remainder when 35 is divided by 17?
1
Calculate the remainder when 35495 is divided by 18.
17
What is the remainder when 356 is divided by 9?
5
Calculate the remainder when 88 is divided by 40.
8
Calculate the remainder when 284 is divided by 48.
44
Calculate the remainder when 69 is divided by 22.
3
Calculate the remainder when 18218 is divided by 13.
5
What is the remainder when 56 is divided by 31?
25
Calculate the remainder when 47 is divided by 22.
3
What is the remainder when 135 is divided by 31?
11
What is the remainder when 753 is divided by 63?
60
Calculate the remainder when 2267 is divided by 88.
67
Calculate the remainder when 434 is divided by 62.
0
What is the remainder when 404 is divided by 5?
4
What is the remainder when 559 is divided by 140?
139
Calculate the remainder when 754 is divided by 38.
32
What is the remainder when 726 is divided by 19?
4
Calculate the remainder when 145 is divided by 39.
28
Calculate the remainder when 605 is divided by 111.
50
What is the remainder when 3498 is divided by 3488?
10
What is the remainder when 52 is divided by 6?
4
What is the remainder when 4160 is divided by 49?
44
Cal